 base 6, what is -24 - -2230503445?
2230503421
In base 8, what is 6207451 + -2?
6207447
In base 6, what is -33 - 452553331?
-452553404
In base 9, what is -5454 - -1156?
-4287
In base 14, what is 21 - -2a14?
2a35
In base 11, what is 60 - -123619?
123679
In base 13, what is 159 - -271b?
2877
In base 11, what is 3 - 18427a0?
-1842798
In base 9, what is -638 + -152300?
-153038
In base 9, what is 121 + 231724?
231845
In base 8, what is 353 - 353566?
-353213
In base 16, what is e - -98d0a7?
98d0b5
In base 16, what is -5fcf9 - -20?
-5fcd9
In base 6, what is -1425 + 3443113?
3441244
In base 11, what is 12 - 29211a?
-292108
In base 9, what is -3 + -4486834?
-4486837
In base 3, what is -11201 + 122120?
110212
In base 14, what is -23 + -3d99?
-3dbc
In base 11, what is 671 + 1415?
1a86
In base 5, what is -343144240 + 40?
-343144200
In base 4, what is -3110111202 + 12?
-3110111130
In base 10, what is 363775041 + 2?
363775043
In base 15, what is -60 - 339ce?
-33a3e
In base 11, what is -1224 - 799?
-1a12
In base 3, what is -11010002 + 1000210?
-10002022
In base 11, what is -20 + 350783?
350763
In base 9, what is 63558 - -340?
64008
In base 9, what is 2342 + 80040?
82382
In base 13, what is 0 - -b79036?
b79036
In base 8, what is 1424004441 + 0?
1424004441
In base 3, what is -1220100 - 20221222201?
-21000220001
In base 16, what is -a9f2 + -b9d?
-b58f
In base 2, what is -101011000010110000111011110 - -1?
-101011000010110000111011101
In base 2, what is 100 - -11010101100101011001?
11010101100101011101
In base 11, what is 1420497 + -22?
1420475
In base 8, what is 220631576 - 4?
220631572
In base 3, what is 1211122 + 10200010212?
10201222111
In base 16, what is -a4eaa0 - 18?
-a4eab8
In base 4, what is 300 + -103121231100?
-103121230200
In base 15, what is -17d23 + 59?
-17cb9
In base 3, what is 2011 - 200101211211?
-200101202200
In base 11, what is -1 + -28219a?
-2821a0
In base 7, what is -15325114 + -12?
-15325126
In base 5, what is 12224214222 + -10?
12224214212
In base 7, what is 441403320 + 4?
441403324
In base 11, what is 170284 + -68?
170217
In base 12, what is 1045a - -3a63?
14301
In base 9, what is 3044 - -1603?
4647
In base 11, what is -10 + -a08238?
-a08248
In base 12, what is 198 - 200470?
-200294
In base 15, what is -5 - 5e8eb2?
-5e8eb7
In base 15, what is 1403b76 + 4?
1403b7a
In base 9, what is 13022650 + -48?
13022601
In base 2, what is -1100010010001 + -1111011100?
-1110001101101
In base 9, what is 5 + -11476121?
-11476115
In base 12, what is 47a + -45594?
-45116
In base 16, what is -16 + -4054a?
-40560
In base 8, what is -2320505 + 177?
-2320306
In base 13, what is -c38c73 + 5?
-c38c6b
In base 15, what is 465 - -4620?
4a85
In base 5, what is 343424312 + 42?
343424404
In base 10, what is 25463 + -170?
25293
In base 16, what is fff7 - -489?
10480
In base 4, what is 10011213312031 - 0?
10011213312031
In base 8, what is -1 - 137743?
-137744
In base 8, what is -151653 - -11252?
-140401
In base 9, what is -116131 - -1464?
-114556
In base 3, what is 2221002 + -200202?
2020100
In base 2, what is -111000001101010001110111 - -100?
-111000001101010001110011
In base 5, what is 3 - -1032044320?
1032044323
In base 2, what is 1110100010000001101 - -110?
1110100010000010011
In base 3, what is 20021 - 1211000021?
-1210210000
In base 5, what is 142042300413 + -4?
142042300404
In base 5, what is 1224 + 1100423?
1102202
In base 7, what is -120 + -1413216?
-1413336
In base 13, what is 1 - -1015bcb4?
1015bcb5
In base 16, what is 983 - 1eec?
-1569
In base 16, what is -c - 1f9f94?
-1f9fa0
In base 15, what is b362b1 - -10?
b362c1
In base 13, what is -63ab - 1bb0?
-828b
In base 15, what is 5 + 17ca26e?
17ca274
In base 11, what is 6425888 + -4?
6425884
In base 15, what is -62acd3 + -27?
-62ad0a
In base 12, what is -15a6b4 + 1a?
-15a696
In base 14, what is 213a - 494?
1a86
In base 6, what is 2345420 + -545?
2344431
In base 7, what is -2 + -31514620?
-31514622
In base 11, what is -363a0a7 - -1?
-363a0a6
In base 13, what is 1 + -17a9a64?
-17a9a63
In base 5, what is 140 + 230011?
230201
In base 6, what is 215 - -1331324142?
1331324401
In base 5, what is -4301212112 - 3?
-4301212120
In base 9, what is 8636 + 11382?
21128
In base 10, what is 1 + 206776293?
206776294
In base 4, what is 1222110033023 - 11?
1222110033012
In base 14, what is -2b19 + 7c3?
-2336
In base 7, what is 22034343 - -1?
22034344
In base 16, what is 8555 + 85?
85da
In base 4, what is 3011113131 + -111?
3011113020
In base 9, what is 220374778 + -1?
220374777
In base 6, what is 35 + 103031453?
103031532
In base 3, what is -1222101 + -11212200?
-20212001
In base 7, what is -5051236 + 11?
-5051225
In base 7, what is -10002303 + 642?
-10001331
In base 4, what is -12230330211 + -21?
-12230330232
In base 10, what is 1078000 - -5?
1078005
In base 12, what is 8654a8b + -a?
8654a81
In base 2, what is -101 - -100101001101010111000011?
100101001101010110111110
In base 12, what is 936362 + 7?
936369
In base 12, what is -4 - -1b3054a0?
1b305498
In base 7, what is 3310 - -22460?
26100
In base 8, what is 22503470 - 23?
22503445
In base 7, what is 12062350050 - -1?
12062350051
In base 4, what is 1 - 130223220231?
-130223220230
In base 9, what is 3 - 236728?
-236725
In base 10, what is 96223 - 877?
95346
In base 2, what is -11101011111110101110 - -10000?
-11101011111110011110
In base 11, what is -16 - 228711?
-228727
In base 13, what is -2469781 - -14?
-246976a
In base 2, what is 10000010000100100111111010 - -101?
10000010000100100111111111
In base 8, what is -4 + 1510267?
1510263
In base 9, what is -2082424 - -361?
-2082053
In base 6, what is 201255 + 101?
201400
In base 4, what is 1120331 + -133?
1120132
In base 7, what is 51231 - -52553?
134114
In base 14, what is -2258ab - -90?
-22581b
In base 13, what is -46c73bb - 2?
-46c73c0
In base 12, what is -64 - -73809?
73765
In base 16, what is 1d10 + -20e8?
-3d8
In base 9, what is -11168 - -24782?
13613
In base 7, what is 303103123 - -1?
303103124
In base 10, what is -209 - -31451?
31242
In base 8, what is -2 + 230704463?
230704461
In base 12, what is 6a - 73174?
-73106
In base 3, what is -1000201010101 - -1022100?
-1000122211001
In base 13, what is -2 - -b516?
b514
In base 9, what is 364 - 78716?
-78342
In base 5, what is 2122 - 100043?
-42421
In base 11, what is -4770 + -699?
-5359
In base 2, what is -10010000111 + -1010011000010000?
-1010101010010111
In base 12, what is 18b9 - -1a42b?
20128
In base 16, what is -1e29a9 + 9d?
-1e290c
In base 4, what is -3 + -12102313110102?
-12102313110111
In base 12, what is 5b223 - -8928?
67b4b
In base 8, what is -40446 + 11662?
-26564
In base 11, what is 0 + 200639?
200639
In base 16, what is -4e071 + -141?
-4e1b2
In base 13, what is 4 + 42399c?
4239a3
In base 4, what is 21211111312 + -100?
21211111212
In base 7, what is -553 - 11106300?
-11110153
In base 6, what is -43054245 + 124?
-43054121
In base 14, what is 21a6 + -3d84?
-1bbc
In base 14, what is -8d8b3 - 3?
-8d8b6
In base 13, what is 2138 - 1064?
10a4
In base 8, what is -21376 - 40445?
-62043
In base 10, what is -1 - 12866905?
-12866906
In base 8, what is 25341 - -2074?
27435
In base 3, what is -1222 + -100010122100?
-100010201022
In base 11, what is -1 + 26185543?
26185542
In base 11, what is 269312 - 1a?
2692a3
In base 2, what is -1000010101011001001111111 - 1?
-1000010101011001010000000
In base 10, what is -8592755 + -26?
-8592781
In base 16, what is -1591a4 - b3?
-159257
In base 8, what is 616315021 + -2?
616315017
In base 14, what is 573 + 97d?
1112
In base 3, what is -2002001221 - -120122202?
-1111102012
In base 11, what is -137 + 305a53?
305917
In base 8, what is -23460511 - 106?
-23460617
In base 14, what is 1350369 - 3?
1350366
In base 10, what is -31 - -45599?
45568
In base 5, what is -212 - -1343140242?
1343140030
In base 6, what is -330 + 15022004?
15021234
In base 7, what is 330152345 + 1?
330152346
In base 14, what is -23b + 7137?
6cda
In base 10, what is 0 - -1360536?
1360536
In base 4, what is -13130123311213 - -1?
-13130123311212
In base 12, what is 2 - -a96018?
a9601a
In base 5, what is -11 - 114234003342?
-114234003403
In base 16, what is 2 - -5e7b08?
5e7b0a
In base 9, what is -25571410 - 5?
-25571415
In base 6, what is -1530 + -144032?
-150002
In base 4, what is -12